r.
3
Let b = 83 - 53. Suppose 2*y = -3*y + k - b, -y + k = 2. What are the prime factors of (432/(-84))/(1/y)?
2, 3
Let b(n) = -n**2 + 2*n - 8. Let p be b(6). Let j = -28 - p. Suppose -4*m = -k - 3*m + 50, j*m - 16 = 0. What are the prime factors of k?
2, 3
Suppose 16 = 4*k - m, 2 = -3*k - 5*m - 9. Let q be (-1)/k - 10/(-3). Suppose 6 = q*a - 9, -3*v + 5*a + 44 = 0. List the prime factors of v.
23
Suppose -38*s + 34*s + 284 = 0. Let n = 122 - s. List the prime factors of n.
3, 17
Let y be 1 + (-1 - 0) - 53. Let w(a) = -a**3 + 16*a**2 - 10*a + 8. Let h be w(15). Let p = h + y. What are the prime factors of p?
2, 3, 5
Let h = 26 + -36. Let j = h - -14. Suppose j*i + 49 = 3*t, -4*i - 48 = -3*t - i. List the prime factors of t.
3, 5
Suppose -122 = 9*j - 11*j. Suppose -4*u - b = -0*u - j, 5*b = -3*u + 67. What are the prime factors of u?
2, 7
Suppose w - 4*q = -7, 0 = 3*q - 1 - 5. Let b = w + 32. List the prime factors of b/(-9)*(-3 - 0).
11
Suppose 10*u - 5*u - a = -20, u = 4*a - 23. Let n be 3*(-1 + (-4)/u). List the prime factors of -1 - -1 - (-31 + n).
2, 3, 5
Suppose 278 = 2*t - 4*g, 5*t - 4*g - 32 = 639. Suppose -105*o + t = -104*o. What are the prime factors of o?
131
Suppose 3935 = -2*p - 5*w + 12353, -5*w = -2*p + 8378. List the prime factors of p.
13, 17, 19
Let w(p) = p**3 - 9*p**2 + p - 9. Let r be w(9). Suppose m + r*i = 2*i - 4, -14 = -4*m - 2*i. Suppose -m*k + 59 = -5. What are the prime factors of k?
2
Let a(q) = 3*q**2 + 99*q - 24. List the prime factors of a(17).
2, 3, 421
Let d = -75 + 63. Let z(q) = -q**3 + 7*q**2 + 5. Let f be z(7). Let u = f - d. What are the prime factors of u?
17
Let n be 2/(-10) + (-4)/5 + -2. What are the prime factors of -1 - -2 - (-2 - n) - -81?
3
Let h be 5*((-28)/(-20) - 3). List the prime factors of (-4)/h - 25/(-2).
13
Let j be 5 + (3 + -3)/(-2). Suppose j*o - v = 10, -3*o - v + 4 = -10. Suppose 0 = -o*g + x + 122, -2 = -2*x - 6. List the prime factors of g.
2, 5
Suppose -20*j + 23199 = 13*j. What are the prime factors of j?
19, 37
Let d = -3134 - -4390. List the prime factors of d.
2, 157
Let p(m) = -m**2 + 7*m - 2. Let w be p(3). Suppose 0 = -5*z + w. Suppose -5*y + 0*y + 41 = z*v, y = -3. List the prime factors of v.
2, 7
Let u(d) = -d**2 + 9*d - 2. Let l be u(7). Let g be (3/l + 0)*0. Suppose 2*n - y - 53 = g, -5*n + y = 5*y - 165. List the prime factors of n.
29
Suppose 1066 = -48*z + 50*z. What are the prime factors of z?
13, 41
Let f(p) = -p**3 - 15*p**2 + 39*p + 27. List the prime factors of f(-18).
3, 11
Suppose 32*g + 135 = 35*g. What are the prime factors of 2079/g - (-8)/10?
47
Let n(z) = 2*z + 0*z + 10*z**3 - 2*z - 1. List the prime factors of n(1).
3
Let l(z) = z**2 + z - 8. Let d be l(0). Let g be d/(-10)*(109 - 4). Suppose 5*a - 18 = -0*v - 2*v, -2*a = -4*v + g. List the prime factors of v.
19
Let i = -40 - -79. Suppose 45*k - i*k - 1260 = 0. List the prime factors of k.
2, 3, 5, 7
Let q be 3/(-2) + (-27)/(-18). Suppose q = 5*p - 5*w - 350, -2*p - 3*p + 4*w + 354 = 0. What are the prime factors of p?
2, 37
Suppose 0 = -7*i + 6 + 29. What are the prime factors of i?
5
Let f be 2/1 + 4/1. Let d = f - -24. Let g = d + -4. What are the prime factors of g?
2, 13
Let y(x) = x**2 + 11*x + 13. Let w be y(-10). Suppose -w*u + 613 = 139. List the prime factors of u.
2, 79
Suppose 4*j = 5*y + 7871, 3*j - j = 3*y + 3937. What are the prime factors of j?
2, 491
Suppose 20 = -5*n, -3*v + 8*v - 40 = 5*n. What are the prime factors of 100 + -1 - (-2)/(-2 + v)?
2, 5
Let q(n) = -n**3 - 12*n**2 + n - 2. Let f be q(-12). Let p = f - -66. What are the prime factors of p?
2, 13
Let w(c) = c - 10. Let p be w(14). Let h be (1085/14)/((-1)/(-2)). Suppose p*d - h = -d. List the prime factors of d.
31
Suppose 2*h + 4*z = 310, 6*h - 2*z + 602 = 10*h. What are the prime factors of h?
149
What are the prime factors of 155976/264 - (-4)/22?
3, 197
Let u be (-25036)/(-99) - (-2)/18. Let r = u + -150. List the prime factors of r.
103
Let p(q) = -9 + 0*q**3 + 20 - 10*q**2 - q**3. Let t(v) = -v - 4. Let f be t(6). What are the prime factors of p(f)?
11
Let z(b) = -b**2 - 2*b. Let i be z(-1). Let w be (-2020)/(-24) + i/(-6). Suppose -2*d - d + w = 0. List the prime factors of d.
2, 7
Let u(j) = j**2 + 11*j + 1. Let m be u(-11). Let w be (0 - -10)/2 - m. Let c = w - -6. What are the prime factors of c?
2, 5
What are the prime factors of (9/(-2) + 1)/((-341)/289850)?
5, 7, 17
Let o be 22 + 5/10*8. Suppose 0 = -25*l + o*l - 48. List the prime factors of l.
2, 3
Suppose 5*w - 734 - 3541 = 0. What are the prime factors of w?
3, 5, 19
Let u(z) = 32*z**2 + 16*z - 1. List the prime factors of u(-4).
3, 149
List the prime factors of 5628/(-18)*(-3)/2 - 0.
7, 67
Suppose 16*y - 21*y + 20 = 0. Suppose -n - 25 = -6*n, -j + y*n = 18. What are the prime factors of 5866/77 - j/11?
2, 19
Let r(n) be the first derivative of n**3/3 + n**2 + 7*n + 11. List the prime factors of r(-6).
31
Let c be 13/4*40/2*1. Let w = -63 + c. List the prime factors of w.
2
Let n = 743 - 507. Suppose n = 4*p - 0*p. What are the prime factors of p?
59
Let i be (5 - 2)*(-1 - -2). Suppose i*l = 11 + 1. Suppose 7*v - l*v - 36 = 0. What are the prime factors of v?
2, 3
Let x(n) = -n**3 + 8*n**2 - 3*n + 55. Let q be x(9). Suppose -3*w - 356 = w. Let t = q - w. List the prime factors of t.
2, 3
Let z(c) = -26*c**3 - 3*c - 12. List the prime factors of z(-2).
2, 101
Let b be 1 + 0 - (30 - 1). Let y = 2 + -1. List the prime factors of (3 + b - y)/(-1).
2, 13
Suppose -2*k - 5*a + 4455 = 0, -4*a - 1186 - 3260 = -2*k. List the prime factors of k.
5, 89
Let x = 5909 - 3302. What are the prime factors of x?
3, 11, 79
Suppose 5*x - 4*x - 2 = 0. Suppose x*k + 114 = 5*k. List the prime factors of k.
2, 19
Let r = 185 + -55. Let o = r + -69. Let m = o + -19. List the prime factors of m.
2, 3, 7
Suppose -x = -6*x + 3*u + 69, x - 4*u = 7. Let g = x - 12. Suppose g = 3*d - 12. List the prime factors of d.
5
Let r = 22 + -15. Let l be (4 - r) + (0 - -8). What are the prime factors of 142/l + (-10)/25?
2, 7
Suppose -s + 3*q + q = 21, -4*s - 152 = q. Let m = -25 - s. Suppose 0 = 6*w - 9*w + m. What are the prime factors of w?
2
Let a(p) = p**3 - p**2 + 17. Let q be 1 + (3/1)/(-3). List the prime factors of a(q).
17
Let d be ((-2 + 2)/3)/(-1). Let w(y) = -2*y + 11*y + 4*y + d + 1. What are the prime factors of w(1)?
2, 7
Let y be (-10)/(-50) + 251/(-5). Suppose -81 = 2*m + m. Let u = m - y. What are the prime factors of u?
23
Suppose 3*l - 33 = 72. Let a = l + 9. What are the prime factors of a?
2, 11
Let s = 61 + -129. What are the prime factors of (75/(-20) - -3)/(1/s)?
3, 17
Let x(h) = h**3 - h**2 - 1. Let s be x(2). Suppose r - 4*t + 7*t - 87 = 0, -s*t = -5*r + 399. Suppose -r = -6*j + 3*j. List the prime factors of j.
3
Suppose 22*x + 8*x = 37650. What are the prime factors of x?
5, 251
List the prime factors of (0 - 9)/(4 - (-35275)/(-8806)).
2, 3, 7, 37
Let t(z) be the first derivative of -z**3/3 - 9*z**2/2 + 22*z + 3. List the prime factors of t(-9).
2, 11
Let i(g) = -g + 1. Let w(q) = 3*q - 3. Let m be -3 + 3/(12/16). Let v(f) = m*w(f) + 4*i(f). List the prime factors of v(-2).
3
Suppose -11*g = -6 - 49. Suppose 4*t + 385 = g*m - 0*t, -5*t + 349 = 4*m. List the prime factors of m.
3
Let a(n) = n**2 - 12*n - 115. List the prime factors of a(31).
2, 3, 79
Let n be (-1)/((-5)/5) + 3. Suppose n*h - 12*h = -1328. What are the prime factors of h?
2, 83
Suppose 0 = -3*w - 5*q - 17, -q - 13 = 2*w + 10. Let u be w/(-5) + (-16)/20. Suppose -2 = u*d - 8. What are the prime factors of d?
3
Let i = 56 - 22. Suppose -3*g = -g - i. Let d(n) = n**3 - 18*n**2 + 19*n + 15. List the prime factors of d(g).
7
Let u be (1 + 0)*8340/30. Let b = u - 195. List the prime factors of b.
83
Let i = -12 - 58. Let c = 41 + i. Let v = c - -52. What are the prime factors of v?
23
Let o(h) be the third derivative of -h**6/120 + h**5/6 - 5*h**4/24 + h**3/2 + h**2. What are the prime factors of o(5)?
103
Let z(b) = 12 + 5*b**2 - 10 - 8*b - 8 + b**3. Let g be z(-6). Suppose 95 = g*s - s. List the prime factors of s.
19
Let m(v) = v**3 + 5*v**2 - 4*v - 11. Let d be m(-5). Suppose 3*c = -k + 46, c - 23 = 4*k + 1. Let a = c - d. List the prime factors of a.
7
Let r be 10*(-2 + 0 - -13). Suppose -6*h + 4 = -2